ond derivative of n**4/6 + 2*n**3/3 + n**2/2 + 28*n. Let a be t(-3). Suppose 1315 = 12*s - a*s. Is s a prime number?
True
Let c(h) be the third derivative of 17/6*h**3 + 1/60*h**5 + 0 + 0*h - 1/24*h**4 + 18*h**2. Is c(20) a composite number?
False
Let c be (21/14)/(12/15944). Is (-27 - -23)/((-2)/c) a prime number?
False
Suppose -6*w = y - 9395, 32*y - 28245 = 29*y + 2*w. Is y a prime number?
True
Let h(g) = -4*g**2 - g**3 + 52*g + 0*g**3 - 42*g - 9. Let j be h(-6). Suppose u = -l + 989, l = j*u - 2*u - 997. Is u a prime number?
False
Let i be ((-48)/20)/(2/60). Let t = -67 - i. Suppose -2*w - 2*w + 2*q + 6876 = 0, -t*w + q + 8601 = 0. Is w a prime number?
True
Let q(g) = 3*g**3 + 13*g**2 + 5*g + 9. Let b be q(-4). Suppose 3299 = 2*h - b*a, 0*a = -3*h + 2*a + 4921. Is h prime?
True
Suppose -3313012 = -76*w + 1725864. Is w a composite number?
False
Let l = -31293 - -71222. Is l composite?
False
Let k(t) = 34*t**2 + 5*t + 2. Let g be k(-6). Let x(c) = 5*c. Let v be x(1). Suppose -v*u + g = -1019. Is u a prime number?
True
Let c be -9 + -6 + 42108 + (-7 - -1). Suppose -c = -27*k + 24*k. Is k a composite number?
False
Let n(j) be the first derivative of 7*j**3/3 + 10*j**2 + 10*j - 15. Is n(-6) a prime number?
False
Let i(u) = -147*u**3 - 4*u**2 - 8*u - 9. Let m be i(-2). Suppose -5*c - 1462 = 4*a + 1560, 0 = -5*a + c - 3792. Let t = a + m. Is t prime?
True
Let h be ((-21)/49)/(3/(-21)). Suppose -18409 = -h*u + 2*n, -23105 = -3*u - 2*n - 4680. Is u composite?
True
Let k = -773943 - -2228904. Is k composite?
True
Suppose -2*k = -4*v + 615116, 0 = -v + 4*k + 138735 + 15030. Suppose -x + 30759 = -d, 0 = 5*x - d + 3*d - v. Is x composite?
False
Let d = -8891 - -15273. Suppose -7582 = -4*i + d. Is i prime?
True
Let m = 94161 - 53912. Is m prime?
False
Let j(l) = 9*l - 182. Let m be j(18). Is (-268865)/(-85) - m/(-170) a prime number?
True
Let g be (-40)/50*(4 + (-1)/(-1)). Let o be 17/4 - g/(-16). Suppose -o*t = -2772 - 1040. Is t composite?
False
Let l be ((-155)/(-10) - 3)*158. Let m = l - 1104. Is m a composite number?
True
Let x = 236540 + -97899. Is x composite?
False
Suppose 20*k + 1076922 = 4085829 + 1845433. Is k composite?
True
Suppose 0*v - 2*v + 5*q = 301, 0 = q - 3. Let r = 115 - v. Suppose -2*s = 2, -o + 4*s + r = o. Is o composite?
False
Let w = 286589 - 49578. Is w a composite number?
False
Let j(d) = 10*d - 5. Suppose 0 = p - 4*m + 15, 0 = 5*m - 18 + 3. Let r be p - ((-15)/15)/((-1)/(-6)). Is j(r) a composite number?
True
Let w = 179011 - -171688. Is w composite?
False
Suppose 414*p - 424*p = -1990. Is p prime?
True
Is (-3020321)/(-7) + 120/(-280) composite?
True
Suppose 3*p - 5*y + 6 = -1, 2*y = -4*p + 8. Let o(a) = 416*a - 19. Let s(q) = 415*q - 15. Let t(i) = -3*o(i) + 4*s(i). Is t(p) a prime number?
True
Let c = -179 - -159. Suppose 3*l + 2*o = 47 - 19, 5*l + o - 49 = 0. Is 0 - ((-1462)/l - 4/c) a prime number?
False
Let i(m) = 171*m + 8. Let j be (-3 - -2)*(-1 + 2 + -7). Let r be j/4*-2 - -8. Is i(r) a prime number?
True
Let k(f) = -f**3 + 5*f**2 - f - 121. Let a be k(-9). Let d = 1814 + -906. Suppose -2*g = -a - d. Is g a composite number?
True
Suppose 0 = -5*q - q + 12, 324335 = c - 3*q. Is c prime?
True
Suppose -i - 4*u = -3360, -u - 4*u - 13398 = -4*i. Let y = i + 1179. Is y a composite number?
True
Let x = -5992 + -4636. Suppose -5*c - 1 = 3*f, 21 = -5*f + 2*c + 9. Is x/f*(-9)/(-18) a composite number?
False
Let t(r) = 3143*r**2 - 65*r - 523. Is t(-15) prime?
True
Is 23812/6*(-777)/(-28)*2 a composite number?
True
Let g be 8/(-16) + 14/4 + -3. Suppose 5*q - 8*q + 5118 = g. Let b = q - 793. Is b prime?
False
Suppose 3*x = -n + 16909, 121*n - 116*n + x - 84545 = 0. Is n composite?
True
Suppose 6*f - 1073333 = -31*f. Is f prime?
True
Is -168809*(-6)/(-9 - -15) a prime number?
False
Is ((10/(-3))/5)/((-2)/437154) prime?
False
Suppose -2*d - 4*t = -84574, -84610 = -2*d + t + 4*t. Suppose d = 2*f + 5*x, -2*x + 101078 + 4649 = 5*f. Is f a composite number?
True
Let j be 592/(-72) - -8 - 70/9. Is 39/(-52) + (-7102)/j prime?
True
Let o(g) = 2*g**2 - 11*g. Let a be o(0). Suppose -4*h = -q - 2060, -2*q - 8 = -a. Is h composite?
True
Let o = -233 + 231. Is (-919)/(((-48)/(-32))/(3/o)) a composite number?
False
Let g(k) = 494*k**2 - 515*k - 24. Is g(-19) a composite number?
True
Let z = 361 - 358. Let r(a) be the first derivative of 75*a**2/2 - 14*a + 1. Is r(z) a composite number?
False
Let a be (1 - (-3)/(-5))*5. Is 167 - (7/a - (-1)/2) prime?
True
Let p = -59 + 212. Let a(m) = -18*m + 272. Let w be a(-52). Let k = w + p. Is k a prime number?
True
Suppose -u + 1418 = -3860. Suppose -185 = -2*l - 2*c + 1923, 3*c = 5*l - u. Is l a prime number?
False
Let h = 219072 - 124199. Is h a prime number?
True
Is (4 - 10/2)/((-6 - 2)/657896) prime?
True
Suppose 133 = -2*s + 3*s + 3*l, -3*l + 6 = 0. Suppose -t + 3*b = -s, 9*t + 635 = 14*t - b. Is t composite?
False
Let t = 29 + -22. Suppose -t*y - 2 + 2 = 0. Suppose y = -z - 2, 0 = 2*g + 2*g - 5*z - 942. Is g a prime number?
True
Suppose 7298090 + 11957748 = a + 13*a. Is a a composite number?
False
Let q be (-81)/6*22 + -1 + 1. Let o = q + 595. Is o composite?
True
Let d(q) = q**2 - 2*q**2 - 11*q - 4 + 6 - 28. Let t be d(-8). Is 376 - (5 + t - (8 - 2)) a prime number?
True
Suppose -43*s - 70 = -57*s. Suppose 29466 = 2*y + s*v + 3449, -51995 = -4*y + 3*v. Is y a prime number?
True
Suppose 2*i - 48669 = -2*g + 33097, g = 4. Is i prime?
True
Is 3/(9/(-2))*6885189/(-18) a prime number?
True
Let v(o) = 671*o**3 + 42*o**2 + 42. Is v(7) prime?
False
Let z(v) = 616*v**2 + 128*v + 1349. Is z(-69) composite?
True
Let f(g) = -g**2 - g + 5. Let q be f(0). Suppose 5*n - q = 15. Suppose -45 - 703 = -n*t. Is t a composite number?
True
Is 5 - 3*(-508)/(-16)*20416/(-22) prime?
True
Let j(f) = 74*f**2 - 52*f + 669. Is j(13) prime?
False
Let z = -2086216 + 3248261. Is z prime?
False
Suppose 3*m = -3*v + 58644, -32*v + 4*m + 97731 = -27*v. Is v a prime number?
False
Let z(v) = -v**3 + 3*v**2 + 13*v + 4. Let f be z(-7). Suppose 0 = a - 1490 + f. Is a a composite number?
False
Let y(v) = -4*v**2 - 31*v - 46. Let h be y(-5). Is 4 - (-802 - 81/h) a composite number?
True
Let x be 861/(-15) - 4/(-40)*4. Let c = x - -61. Suppose -c*h = -h - 4623. Is h composite?
True
Let f(m) = 2*m**3 - 15*m**2 - 18*m - 8. Let u = -74 + 87. Let r be f(u). Suppose 0 = 2*j - 8, -4*b = -b + 3*j - r. Is b a prime number?
False
Let s be 60/16 - 6/8. Suppose 4*a = a - 9, -s*z - a + 2154 = 0. Is z prime?
True
Let x(a) = 8*a**2 - 16*a + 12. Let y(q) = -7*q**2 + 15*q - 12. Let b(k) = -6*x(k) - 7*y(k). Let i be b(8). Is (-18)/i*(-5 - 3772/12) prime?
False
Is 0 + (1765810/15)/((-26)/(-39)) a composite number?
True
Let d(m) = 34833*m**2 - 1599*m - 4807. Is d(-3) a composite number?
True
Let k = 23 - 12. Suppose k*u = -10554 + 742. Let n = u - -2043. Is n a composite number?
False
Let z = -284800 - -637995. Is z a composite number?
True
Let a(u) be the first derivative of -3*u**2/2 + 33*u - 11. Let k be a(8). Is k/15*(-635)/(-1) a composite number?
True
Let o(j) = 14*j**2 + 10*j - 5. Let c = -355 + 360. Is o(c) a composite number?
True
Let i(b) = -4131*b + 151. Let t be i(-17). Suppose 13*n = 27*n - t. Is n a prime number?
False
Let a(r) = r**3 + 4*r**2 + 3*r + 5. Let i(g) = -5*g**3 + 1. Let b be i(1). Let n be a(b). Is (3/(-2) - (n - -6))*-402 prime?
False
Suppose -13*a + 1348606 = -9*a + s, -2*a = 4*s - 674310. Is a a composite number?
True
Let x = 80964 + -38471. Is x prime?
False
Suppose 3*j = 5*f + 4*j - 2662, 4*j = -f + 521. Let h = f + 378. Is h prime?
True
Suppose 14 - 14 = -j. Suppose 0 = -5*c + 3*u + 26320, j = 5*c + 2*u - 3*u - 26310. Is c composite?
False
Is (-17)/85*(-15)/6*40022 a composite number?
False
Let x(t) = 46*t**2 + 255*t - 110. Is x(91) a composite number?
False
Let b be 20/(-70) - 16/(-7). Let c be -6 + (-6)/(3 + -4). Suppose b*t + 298 - 1700 = c. Is t prime?
True
Suppose 0 = 5*o - 2*k - 285235, 4*k - 114118 = -14*o + 12*o. Is o a composite number?
True
Let j(q) be the second derivative of 13*q**3/6 - 45*q**2 - 14*q + 1. Is j(11) composite?
False
Let t(d) = d**3 + d**2 - d + 187. Let j = 73 - 69. Suppose -f + 25 = 2*f - 5*w, -j*f - 15 = 3*w. Is t(f) a composite number?
True
Suppose -3*s + 2*i = -128, -s + 52 = i + 3*i. Let j =